{"id":228,"date":"2014-10-01T09:31:16","date_gmt":"2014-10-01T07:31:16","guid":{"rendered":"http:\/\/web16.vps10313.alfahosting-vps.de\/?page_id=228"},"modified":"2020-05-14T10:19:52","modified_gmt":"2020-05-14T08:19:52","slug":"volkstrachtenverein","status":"publish","type":"page","link":"https:\/\/www.gemeinde-oberau.de\/?page_id=228","title":{"rendered":"Volkstrachtenverein"},"content":{"rendered":"<p>[stextbox id=&#8220;info&#8220; float=&#8220;true&#8220; align=&#8220;right&#8220; width=&#8220;250&#8243;]<\/p>\n<p><strong>1. Vorstand<\/strong><\/p>\n<p>Florian R\u00fcckborn<br \/>\nWerdenfelserstr. 10<br \/>\n82496 Oberau<\/p>\n<p>Tel.: 0172\/7716884<\/p>\n<p><b>Vereinsheim:<\/b><\/p>\n<p>Am M\u00fchlberg 7<br \/>\n82496 Oberau<\/p>\n<p>[\/stextbox]<\/p>\n<p>Der Verein z\u00e4hlt derzeit ca. 200 Mitglieder<\/p>\n<p><strong>Chronik \u2013 Wichtigste Daten des Vereins:<\/strong><\/p>\n<p>Am 06.08.1921, gr\u00fcndeten 26 M\u00e4nner im Gasthof Untermberg den Volkstrachtenverein \u201eAlmarausch\u201c Oberau. Noch im Gr\u00fcndungsjahr wuchs dieser auf 60 Mitglieder an und schon bald trat man mit Theaterauff\u00fchrungen an die \u00d6ffentlichkeit.<br \/>\nDie erste vereinseigene Fahne konnte am 21. Mai 1923 geweiht werden. Mit der Aufstellung und Pflege des Risskopfkreuzes im Jahr 1927 \u00fcbernahm der Verein eine Aufgabe, die bis zum heutigen Tag in der Satzung verankert ist.<br \/>\nZum Beginn des Weltkrieges kam die Vereinst\u00e4tigkeit fast v\u00f6llig zum Erliegen und konnte erst mit einer Versammlung am 31. M\u00e4rz 1946 erneut aufgenommen werden. Das Vereinsleben bl\u00fchte dann aber wieder f\u00f6rmlich auf.<br \/>\nEine Theater- S\u00e4nger und Jugendgruppe wurde ins Leben gerufen; es fanden wieder Heimatabende statt und man k\u00fcmmerte sich um die Renovierung der Fl\u00f6\u00dferkapelle und der Lourdesgrotte.<br \/>\nAn Ostern 1946 wurde in Oberau die Oberl\u00e4nder Trachtenvereinigung gegr\u00fcndet, der auch der VTV Almarausch beitrat.<br \/>\nZum 40j\u00e4hrigen Gr\u00fcndungsjubil\u00e4um am 06.08.1961 konnte eine neue Fahne geweiht werden und am 18.07.71 feierte man in Verbindung mit dem 26. Gaufest der Oberl\u00e4nder Trachtenvereinigung das 50. Gr\u00fcndungsfest.<br \/>\nUnter der F\u00fchrung des damaligen 1. Vorstandes Andreas Bobinger entstand dann in Gemeinschaftsarbeit, unterst\u00fctzt durch die Gemeinde, Spenden der Bev\u00f6lkerung und den \u00f6rtlichen Gesch\u00e4ftsleuten, das Schmuckst\u00fcck des Vereins.<br \/>\nDie Einweihung des Trachtenheims am Pfingstsonntag, 30.06.79, z\u00e4hlt sicherlich zu den H\u00f6hepunkten der Vereinsgeschichte. Unter Vorstand Anton Lindauer wurde im Jahre 1991 das Vereinsheim um den B\u00fchnenanbau erweitert und die Theatergruppe fand somit endlich den richtigen Rahmen f\u00fcr ihre Auff\u00fchrungen.<br \/>\nZweck bzw. Ziel des Vereins ist laut Satzung in erster Linie die F\u00f6rderung der Heimatpflege, die Erhaltung der oberbayerischen Trachten und Sitten sowie die Neubelebung des alten Volksgesanges und die Erlernung des Schuhplattelns. Zur Jugend- und Plattlergruppe z\u00e4hlen derzeit ca. 30 Kinder und Jugendliche.<br \/>\nDie Beteiligung an kirchlichen Feiertagen und an Trachtenfesten, Theaterauff\u00fchrungen und Ausrichtung von Waldfesten sind die wichtigsten Punkte im Veranstaltungskalender unseres Vereins, wozu sicher aber auch die alle 5 Jahre stattfindende Risskopfbergmesse zu z\u00e4hlen ist..<\/p>\n<p>Seit M\u00e4rz 2010 ist Florian R\u00fcckborn der erste Vorstand des Vereins, er l\u00f6ste nach 12 Jahren Franz Hofmann ab.<\/p>\n\n\t\t<style type=\"text\/css\">\n\t\t\t#gallery-1 {\n\t\t\t\tmargin: auto;\n\t\t\t}\n\t\t\t#gallery-1 .gallery-item {\n\t\t\t\tfloat: left;\n\t\t\t\tmargin-top: 10px;\n\t\t\t\ttext-align: center;\n\t\t\t\twidth: 33%;\n\t\t\t}\n\t\t\t#gallery-1 img {\n\t\t\t\tborder: 2px solid #cfcfcf;\n\t\t\t}\n\t\t\t#gallery-1 .gallery-caption {\n\t\t\t\tmargin-left: 0;\n\t\t\t}\n\t\t\t\/* see gallery_shortcode() in wp-includes\/media.php *\/\n\t\t<\/style>\n\t\t<div id='gallery-1' class='gallery galleryid-228 gallery-columns-3 gallery-size-thumbnail'><dl class='gallery-item'>\n\t\t\t<dt class='gallery-icon landscape'>\n\t\t\t\t<a href='https:\/\/www.gemeinde-oberau.de\/wp-content\/uploads\/VTV9.jpg'><img loading=\"lazy\" decoding=\"async\" width=\"150\" height=\"150\" src=\"https:\/\/www.gemeinde-oberau.de\/wp-content\/uploads\/VTV9-150x150.jpg\" class=\"attachment-thumbnail size-thumbnail\" alt=\"\" aria-describedby=\"gallery-1-231\" \/><\/a>\n\t\t\t<\/dt>\n\t\t\t\t<dd class='wp-caption-text gallery-caption' id='gallery-1-231'>\n\t\t\t\tVTV Oberau\n\t\t\t\t<\/dd><\/dl><dl class='gallery-item'>\n\t\t\t<dt class='gallery-icon landscape'>\n\t\t\t\t<a href='https:\/\/www.gemeinde-oberau.de\/wp-content\/uploads\/VTV2.jpg'><img loading=\"lazy\" decoding=\"async\" width=\"150\" height=\"150\" src=\"https:\/\/www.gemeinde-oberau.de\/wp-content\/uploads\/VTV2-150x150.jpg\" class=\"attachment-thumbnail size-thumbnail\" alt=\"\" aria-describedby=\"gallery-1-232\" \/><\/a>\n\t\t\t<\/dt>\n\t\t\t\t<dd class='wp-caption-text gallery-caption' id='gallery-1-232'>\n\t\t\t\tVTV Oberau\n\t\t\t\t<\/dd><\/dl><dl class='gallery-item'>\n\t\t\t<dt class='gallery-icon landscape'>\n\t\t\t\t<a href='https:\/\/www.gemeinde-oberau.de\/wp-content\/uploads\/VTV7.jpg'><img loading=\"lazy\" decoding=\"async\" width=\"150\" height=\"150\" src=\"https:\/\/www.gemeinde-oberau.de\/wp-content\/uploads\/VTV7-150x150.jpg\" class=\"attachment-thumbnail size-thumbnail\" alt=\"\" aria-describedby=\"gallery-1-233\" \/><\/a>\n\t\t\t<\/dt>\n\t\t\t\t<dd class='wp-caption-text gallery-caption' id='gallery-1-233'>\n\t\t\t\tVTV Oberau\n\t\t\t\t<\/dd><\/dl><br style=\"clear: both\" \/><dl class='gallery-item'>\n\t\t\t<dt class='gallery-icon landscape'>\n\t\t\t\t<a href='https:\/\/www.gemeinde-oberau.de\/wp-content\/uploads\/VTV6.jpg'><img loading=\"lazy\" decoding=\"async\" width=\"150\" height=\"150\" src=\"https:\/\/www.gemeinde-oberau.de\/wp-content\/uploads\/VTV6-150x150.jpg\" class=\"attachment-thumbnail size-thumbnail\" alt=\"\" aria-describedby=\"gallery-1-234\" \/><\/a>\n\t\t\t<\/dt>\n\t\t\t\t<dd class='wp-caption-text gallery-caption' id='gallery-1-234'>\n\t\t\t\tVTV Oberau\n\t\t\t\t<\/dd><\/dl><dl class='gallery-item'>\n\t\t\t<dt class='gallery-icon landscape'>\n\t\t\t\t<a href='https:\/\/www.gemeinde-oberau.de\/wp-content\/uploads\/VTV8.jpg'><img loading=\"lazy\" decoding=\"async\" width=\"150\" height=\"150\" src=\"https:\/\/www.gemeinde-oberau.de\/wp-content\/uploads\/VTV8-150x150.jpg\" class=\"attachment-thumbnail size-thumbnail\" alt=\"\" aria-describedby=\"gallery-1-235\" \/><\/a>\n\t\t\t<\/dt>\n\t\t\t\t<dd class='wp-caption-text gallery-caption' id='gallery-1-235'>\n\t\t\t\tVTV Oberau\n\t\t\t\t<\/dd><\/dl><dl class='gallery-item'>\n\t\t\t<dt class='gallery-icon landscape'>\n\t\t\t\t<a href='https:\/\/www.gemeinde-oberau.de\/wp-content\/uploads\/VTV4.jpg'><img loading=\"lazy\" decoding=\"async\" width=\"150\" height=\"150\" src=\"https:\/\/www.gemeinde-oberau.de\/wp-content\/uploads\/VTV4-150x150.jpg\" class=\"attachment-thumbnail size-thumbnail\" alt=\"\" aria-describedby=\"gallery-1-236\" \/><\/a>\n\t\t\t<\/dt>\n\t\t\t\t<dd class='wp-caption-text gallery-caption' id='gallery-1-236'>\n\t\t\t\tVTV Oberau\n\t\t\t\t<\/dd><\/dl><br style=\"clear: both\" \/><dl class='gallery-item'>\n\t\t\t<dt class='gallery-icon landscape'>\n\t\t\t\t<a href='https:\/\/www.gemeinde-oberau.de\/wp-content\/uploads\/VTV12.jpg'><img loading=\"lazy\" decoding=\"async\" width=\"150\" height=\"150\" src=\"https:\/\/www.gemeinde-oberau.de\/wp-content\/uploads\/VTV12-150x150.jpg\" class=\"attachment-thumbnail size-thumbnail\" alt=\"\" aria-describedby=\"gallery-1-237\" \/><\/a>\n\t\t\t<\/dt>\n\t\t\t\t<dd class='wp-caption-text gallery-caption' id='gallery-1-237'>\n\t\t\t\tVTV Oberau\n\t\t\t\t<\/dd><\/dl><dl class='gallery-item'>\n\t\t\t<dt class='gallery-icon landscape'>\n\t\t\t\t<a href='https:\/\/www.gemeinde-oberau.de\/wp-content\/uploads\/VTV3.jpg'><img loading=\"lazy\" decoding=\"async\" width=\"150\" height=\"150\" src=\"https:\/\/www.gemeinde-oberau.de\/wp-content\/uploads\/VTV3-150x150.jpg\" class=\"attachment-thumbnail size-thumbnail\" alt=\"\" aria-describedby=\"gallery-1-238\" \/><\/a>\n\t\t\t<\/dt>\n\t\t\t\t<dd class='wp-caption-text gallery-caption' id='gallery-1-238'>\n\t\t\t\tVTV Oberau\n\t\t\t\t<\/dd><\/dl><dl class='gallery-item'>\n\t\t\t<dt class='gallery-icon landscape'>\n\t\t\t\t<a href='https:\/\/www.gemeinde-oberau.de\/wp-content\/uploads\/VTV10.jpg'><img loading=\"lazy\" decoding=\"async\" width=\"150\" height=\"150\" src=\"https:\/\/www.gemeinde-oberau.de\/wp-content\/uploads\/VTV10-150x150.jpg\" class=\"attachment-thumbnail size-thumbnail\" alt=\"\" aria-describedby=\"gallery-1-239\" \/><\/a>\n\t\t\t<\/dt>\n\t\t\t\t<dd class='wp-caption-text gallery-caption' id='gallery-1-239'>\n\t\t\t\tVTV Oberau\n\t\t\t\t<\/dd><\/dl><br style=\"clear: both\" \/><dl class='gallery-item'>\n\t\t\t<dt class='gallery-icon landscape'>\n\t\t\t\t<a href='https:\/\/www.gemeinde-oberau.de\/wp-content\/uploads\/VTV1.jpg'><img loading=\"lazy\" decoding=\"async\" width=\"150\" height=\"150\" src=\"https:\/\/www.gemeinde-oberau.de\/wp-content\/uploads\/VTV1-150x150.jpg\" class=\"attachment-thumbnail size-thumbnail\" alt=\"\" aria-describedby=\"gallery-1-240\" \/><\/a>\n\t\t\t<\/dt>\n\t\t\t\t<dd class='wp-caption-text gallery-caption' id='gallery-1-240'>\n\t\t\t\tVTV Oberau\n\t\t\t\t<\/dd><\/dl><dl class='gallery-item'>\n\t\t\t<dt class='gallery-icon landscape'>\n\t\t\t\t<a href='https:\/\/www.gemeinde-oberau.de\/wp-content\/uploads\/VTV11.jpg'><img loading=\"lazy\" decoding=\"async\" width=\"150\" height=\"150\" src=\"https:\/\/www.gemeinde-oberau.de\/wp-content\/uploads\/VTV11-150x150.jpg\" class=\"attachment-thumbnail size-thumbnail\" alt=\"\" aria-describedby=\"gallery-1-241\" \/><\/a>\n\t\t\t<\/dt>\n\t\t\t\t<dd class='wp-caption-text gallery-caption' id='gallery-1-241'>\n\t\t\t\tVTV Oberau\n\t\t\t\t<\/dd><\/dl><dl class='gallery-item'>\n\t\t\t<dt class='gallery-icon landscape'>\n\t\t\t\t<a href='https:\/\/www.gemeinde-oberau.de\/wp-content\/uploads\/VTV5.jpg'><img loading=\"lazy\" decoding=\"async\" width=\"150\" height=\"150\" src=\"https:\/\/www.gemeinde-oberau.de\/wp-content\/uploads\/VTV5-150x150.jpg\" class=\"attachment-thumbnail size-thumbnail\" alt=\"\" aria-describedby=\"gallery-1-242\" \/><\/a>\n\t\t\t<\/dt>\n\t\t\t\t<dd class='wp-caption-text gallery-caption' id='gallery-1-242'>\n\t\t\t\tVTV Oberau\n\t\t\t\t<\/dd><\/dl><br style=\"clear: both\" \/>\n\t\t<\/div>\n\n","protected":false},"excerpt":{"rendered":"<p>[stextbox id=&#8220;info&#8220; float=&#8220;true&#8220; align=&#8220;right&#8220; width=&#8220;250&#8243;] 1. Vorstand Florian R\u00fcckborn Werdenfelserstr. 10 82496 Oberau Tel.: 0172\/7716884 Vereinsheim: Am M\u00fchlberg 7 82496 Oberau [\/stextbox] Der Verein z\u00e4hlt derzeit ca. 200 Mitglieder Chronik \u2013 Wichtigste Daten des Vereins: Am 06.08.1921, gr\u00fcndeten 26 M\u00e4nner im Gasthof Untermberg den Volkstrachtenverein \u201eAlmarausch\u201c Oberau. Noch im Gr\u00fcndungsjahr wuchs dieser auf 60 Mitglieder [&hellip;]<\/p>\n","protected":false},"author":1,"featured_media":0,"parent":149,"menu_order":0,"comment_status":"closed","ping_status":"closed","template":"","meta":{"jetpack_post_was_ever_published":false,"footnotes":""},"jetpack_shortlink":"https:\/\/wp.me\/P58YFn-3G","jetpack_sharing_enabled":true,"_links":{"self":[{"href":"https:\/\/www.gemeinde-oberau.de\/index.php?rest_route=\/wp\/v2\/pages\/228"}],"collection":[{"href":"https:\/\/www.gemeinde-oberau.de\/index.php?rest_route=\/wp\/v2\/pages"}],"about":[{"href":"https:\/\/www.gemeinde-oberau.de\/index.php?rest_route=\/wp\/v2\/types\/page"}],"author":[{"embeddable":true,"href":"https:\/\/www.gemeinde-oberau.de\/index.php?rest_route=\/wp\/v2\/users\/1"}],"replies":[{"embeddable":true,"href":"https:\/\/www.gemeinde-oberau.de\/index.php?rest_route=%2Fwp%2Fv2%2Fcomments&post=228"}],"version-history":[{"count":5,"href":"https:\/\/www.gemeinde-oberau.de\/index.php?rest_route=\/wp\/v2\/pages\/228\/revisions"}],"predecessor-version":[{"id":1863,"href":"https:\/\/www.gemeinde-oberau.de\/index.php?rest_route=\/wp\/v2\/pages\/228\/revisions\/1863"}],"up":[{"embeddable":true,"href":"https:\/\/www.gemeinde-oberau.de\/index.php?rest_route=\/wp\/v2\/pages\/149"}],"wp:attachment":[{"href":"https:\/\/www.gemeinde-oberau.de\/index.php?rest_route=%2Fwp%2Fv2%2Fmedia&parent=228"}],"curies":[{"name":"wp","href":"https:\/\/api.w.org\/{rel}","templated":true}]}}