{"id":51,"date":"2014-08-26T19:29:17","date_gmt":"2014-08-26T17:29:17","guid":{"rendered":"http:\/\/web16.vps10313.alfahosting-vps.de\/?page_id=51"},"modified":"2025-03-06T16:29:45","modified_gmt":"2025-03-06T14:29:45","slug":"bauhof","status":"publish","type":"page","link":"https:\/\/www.gemeinde-oberau.de\/?page_id=51","title":{"rendered":"Bauhof"},"content":{"rendered":"<table style=\"width: 100%; border-collapse: collapse; border-style: hidden; background-color: #ffffff; border-color: #ffffff; height: 1001px;\">\n<tbody>\n<tr style=\"height: 1001px;\">\n<td style=\"width: 68.9286%; height: 1001px;\">\n<p style=\"color: #000000;\"><span style=\"color: #000000;\">Der Bauhof wartet und pflegt die gemeindlichen Einrichtungen und Anlagen, au\u00dferdem ist er f\u00fcr die Betreuung der kommunalen Verkehrswege zust\u00e4ndig<\/span>\u00a0(Stra\u00dfen- und Winterdienst).<\/p>\n<p><br style=\"color: #000000;\" \/><span style=\"color: #000000;\">Am Bauhof sind sechs Mitarbeiter t\u00e4tig.<\/span><br style=\"color: #000000;\" \/><br style=\"color: #000000;\" \/><span style=\"color: #000000;\">An Ger\u00e4tschaften stehen zur Verf\u00fcgung:<br \/>\n<\/span><span style=\"color: #000000;\">&#8211; 1 LKW<br \/>\n&#8211; 1 Pritschenwagen<br \/>\n<\/span><span style=\"color: #000000;\">&#8211; 1 Kommunalschlepper<\/span><br style=\"color: #000000;\" \/><span style=\"color: #000000;\">&#8211; 1 Mehrzweckfahrzeug<\/span><br style=\"color: #000000;\" \/><span style=\"color: #000000;\">&#8211; 1 Radlader<\/span><br style=\"color: #000000;\" \/><span style=\"color: #000000;\">&#8211; 1 Klein-Traktor\u00a0<\/span><br style=\"color: #000000;\" \/><span style=\"color: #000000;\">&#8211; 1 Minibagger<br \/>\n&#8211; 1 Kleinlader<\/span><\/p>\n<p><a href=\"https:\/\/www.gemeinde-oberau.de\/wp-content\/uploads\/IMG-20241114-WA0001.jpg\"><img loading=\"lazy\" decoding=\"async\" class=\"alignnone  wp-image-3518\" src=\"https:\/\/www.gemeinde-oberau.de\/wp-content\/uploads\/IMG-20241114-WA0001-300x225.jpg\" alt=\"\" width=\"753\" height=\"565\" srcset=\"https:\/\/www.gemeinde-oberau.de\/wp-content\/uploads\/IMG-20241114-WA0001-300x225.jpg 300w, https:\/\/www.gemeinde-oberau.de\/wp-content\/uploads\/IMG-20241114-WA0001-1024x768.jpg 1024w, https:\/\/www.gemeinde-oberau.de\/wp-content\/uploads\/IMG-20241114-WA0001-768x576.jpg 768w, https:\/\/www.gemeinde-oberau.de\/wp-content\/uploads\/IMG-20241114-WA0001-1536x1152.jpg 1536w, https:\/\/www.gemeinde-oberau.de\/wp-content\/uploads\/IMG-20241114-WA0001.jpg 1600w\" sizes=\"(max-width: 753px) 100vw, 753px\" \/><\/a><\/td>\n<td style=\"width: 3.45235%; background-color: #e7e8e6; border-color: #ffffff; border-style: hidden; height: 1001px;\"><\/td>\n<td style=\"width: 27.619%; border-style: hidden; border-color: #ffffff; background-color: #e7e8e6; vertical-align: top; height: 1001px;\"><strong>Ansprechpartner:<br \/>\n<\/strong>Stefan Fischer oder<br \/>\nHannes Neuner<br \/>\nTel.: 08824 8155<\/p>\n<p>Am Gie\u00dfenbach 3<br \/>\n82496 Oberau<br \/>\n<a style=\"font-weight: bold; color: #1b366c;\" href=\"mailto:info@bauhof-oberau.de\">info@bauhof-oberau.de<\/a><\/td>\n<\/tr>\n<\/tbody>\n<\/table>\n","protected":false},"excerpt":{"rendered":"<p>Der Bauhof wartet und pflegt die gemeindlichen Einrichtungen und Anlagen, au\u00dferdem ist er f\u00fcr die Betreuung der kommunalen Verkehrswege zust\u00e4ndig\u00a0(Stra\u00dfen- und Winterdienst). Am Bauhof sind sechs Mitarbeiter t\u00e4tig.An Ger\u00e4tschaften stehen zur Verf\u00fcgung: &#8211; 1 LKW &#8211; 1 Pritschenwagen &#8211; 1 Kommunalschlepper&#8211; 1 Mehrzweckfahrzeug&#8211; 1 Radlader&#8211; 1 Klein-Traktor\u00a0&#8211; 1 Minibagger &#8211; 1 Kleinlader Ansprechpartner: Stefan Fischer [&hellip;]<\/p>\n","protected":false},"author":1,"featured_media":0,"parent":49,"menu_order":0,"comment_status":"closed","ping_status":"closed","template":"","meta":{"jetpack_post_was_ever_published":false,"footnotes":""},"jetpack_shortlink":"https:\/\/wp.me\/P58YFn-P","jetpack_sharing_enabled":true,"_links":{"self":[{"href":"https:\/\/www.gemeinde-oberau.de\/index.php?rest_route=\/wp\/v2\/pages\/51"}],"collection":[{"href":"https:\/\/www.gemeinde-oberau.de\/index.php?rest_route=\/wp\/v2\/pages"}],"about":[{"href":"https:\/\/www.gemeinde-oberau.de\/index.php?rest_route=\/wp\/v2\/types\/page"}],"author":[{"embeddable":true,"href":"https:\/\/www.gemeinde-oberau.de\/index.php?rest_route=\/wp\/v2\/users\/1"}],"replies":[{"embeddable":true,"href":"https:\/\/www.gemeinde-oberau.de\/index.php?rest_route=%2Fwp%2Fv2%2Fcomments&post=51"}],"version-history":[{"count":22,"href":"https:\/\/www.gemeinde-oberau.de\/index.php?rest_route=\/wp\/v2\/pages\/51\/revisions"}],"predecessor-version":[{"id":3537,"href":"https:\/\/www.gemeinde-oberau.de\/index.php?rest_route=\/wp\/v2\/pages\/51\/revisions\/3537"}],"up":[{"embeddable":true,"href":"https:\/\/www.gemeinde-oberau.de\/index.php?rest_route=\/wp\/v2\/pages\/49"}],"wp:attachment":[{"href":"https:\/\/www.gemeinde-oberau.de\/index.php?rest_route=%2Fwp%2Fv2%2Fmedia&parent=51"}],"curies":[{"name":"wp","href":"https:\/\/api.w.org\/{rel}","templated":true}]}}

<table style="width: 100%; border-collapse: collapse; border-style: hidden; background-color: #ffffff; border-color: #ffffff; height: 1001px;">
<tbody>
<tr style="height: 1001px;">
<td style="width: 68.9286%; height: 1001px;">
<p style="color: #000000;"><span style="color: #000000;">Der Bauhof wartet und pflegt die gemeindlichen Einrichtungen und Anlagen, außerdem ist er für die Betreuung der kommunalen Verkehrswege zuständig</span> (Straßen- und Winterdienst).</p>
<p><br style="color: #000000;" /><span style="color: #000000;">Am Bauhof sind sechs Mitarbeiter tätig.</span><br style="color: #000000;" /><br style="color: #000000;" /><span style="color: #000000;">An Gerätschaften stehen zur Verfügung:<br />
</span><span style="color: #000000;">&#8211; 1 LKW<br />
&#8211; 1 Pritschenwagen<br />
</span><span style="color: #000000;">&#8211; 1 Kommunalschlepper</span><br style="color: #000000;" /><span style="color: #000000;">&#8211; 1 Mehrzweckfahrzeug</span><br style="color: #000000;" /><span style="color: #000000;">&#8211; 1 Radlader</span><br style="color: #000000;" /><span style="color: #000000;">&#8211; 1 Klein-Traktor </span><br style="color: #000000;" /><span style="color: #000000;">&#8211; 1 Minibagger<br />
&#8211; 1 Kleinlader</span></p>
<p><a href="https://www.gemeinde-oberau.de/wp-content/uploads/IMG-20241114-WA0001.jpg"><img loading="lazy" decoding="async" class="alignnone  wp-image-3518" src="https://www.gemeinde-oberau.de/wp-content/uploads/IMG-20241114-WA0001-300x225.jpg" alt="" width="753" height="565" srcset="https://www.gemeinde-oberau.de/wp-content/uploads/IMG-20241114-WA0001-300x225.jpg 300w, https://www.gemeinde-oberau.de/wp-content/uploads/IMG-20241114-WA0001-1024x768.jpg 1024w, https://www.gemeinde-oberau.de/wp-content/uploads/IMG-20241114-WA0001-768x576.jpg 768w, https://www.gemeinde-oberau.de/wp-content/uploads/IMG-20241114-WA0001-1536x1152.jpg 1536w, https://www.gemeinde-oberau.de/wp-content/uploads/IMG-20241114-WA0001.jpg 1600w" sizes="(max-width: 753px) 100vw, 753px" /></a></td>
<td style="width: 3.45235%; background-color: #e7e8e6; border-color: #ffffff; border-style: hidden; height: 1001px;"></td>
<td style="width: 27.619%; border-style: hidden; border-color: #ffffff; background-color: #e7e8e6; vertical-align: top; height: 1001px;"><strong>Ansprechpartner:<br />
</strong>Stefan Fischer oder<br />
Hannes Neuner<br />
Tel.: 08824 8155</p>
<p>Am Gießenbach 3<br />
82496 Oberau<br />
<a style="font-weight: bold; color: #1b366c;" href="mailto:info@bauhof-oberau.de">info@bauhof-oberau.de</a></td>
</tr>
</tbody>
</table>

<p>Der Bauhof wartet und pflegt die gemeindlichen Einrichtungen und Anlagen, außerdem ist er für die Betreuung der kommunalen Verkehrswege zuständig (Straßen- und Winterdienst). Am Bauhof sind sechs Mitarbeiter tätig.An Gerätschaften stehen zur Verfügung: &#8211; 1 LKW &#8211; 1 Pritschenwagen &#8211; 1 Kommunalschlepper&#8211; 1 Mehrzweckfahrzeug&#8211; 1 Radlader&#8211; 1 Klein-Traktor &#8211; 1 Minibagger &#8211; 1 Kleinlader Ansprechpartner: Stefan Fischer [&hellip;]</p>
