{"id":54,"date":"2014-08-26T19:34:16","date_gmt":"2014-08-26T17:34:16","guid":{"rendered":"http:\/\/web16.vps10313.alfahosting-vps.de\/?page_id=54"},"modified":"2023-11-22T11:54:25","modified_gmt":"2023-11-22T09:54:25","slug":"wertstoffhof","status":"publish","type":"page","link":"https:\/\/www.gemeinde-oberau.de\/?page_id=54","title":{"rendered":"Wertstoffhof"},"content":{"rendered":"<table style=\"width: 100%; border-collapse: collapse; border-style: hidden; border-color: #ffffff;\">\n<tbody>\n<tr>\n<td style=\"width: 69.8809%; vertical-align: top;\">GEMEINDE OBERAU &#8211; AbfallwirtschaftDie\u00a0<b>B\u00fcrger von Oberau<\/b>\u00a0k\u00f6nnen folgende Wertstoffe, sortiert und\u00a0<b>nur<\/b>\u00a0sauber, im Wertstoffhof, Am Gie\u00dfenbach 3 abgeben.<\/p>\n<p>\u00d6ffnungszeiten: Samstag von 8.00 Uhr bis 11.30 Uhr.<\/p>\n<p>Mittwoch von 15.00 Uhr bis 17.00 Uhr.<\/td>\n<td style=\"width: 3.09516%; background-color: #b5b5b5; border-color: #ffffff; border-style: hidden; vertical-align: middle;\"><\/td>\n<td style=\"width: 27.0238%; background-color: #b5b5b5; border-color: #ffffff; border-style: hidden; vertical-align: middle;\"><strong>Ansprechpartnerin:<\/strong><\/p>\n<p>Frau Steffl<\/p>\n<p>Tel.: 08824 9200 14<\/p>\n<p>Am Gie\u00dfenbach 3<br \/>\n82496 Oberau<\/td>\n<\/tr>\n<\/tbody>\n<\/table>\n<table style=\"width: 899px;\" border=\"0\" cellspacing=\"0\" cellpadding=\"5\">\n<tbody>\n<tr valign=\"top\">\n<td style=\"width: 428px;\"><b><strong>Buntmetall <\/strong><\/b>(Kupfer, Messing, Zink, Aluminium)<\/td>\n<td style=\"width: 427.067px;\" colspan=\"2\"><strong>Kork (Naturkork)<\/strong><\/td>\n<\/tr>\n<tr valign=\"top\">\n<td style=\"width: 428px;\"><strong>Compactdiscs und DVDs <\/strong>(ohne Verpackung und unbesch\u00e4digt)<\/td>\n<td style=\"width: 427.067px;\" colspan=\"2\"><strong>Kunststoffe <\/strong>(Gebrauchsgegenst\u00e4nde wie Blument\u00f6pfe, W\u00e4schek\u00f6rbe, Eimer, <u>kein PVC-Spielzeug)<\/u><\/td>\n<\/tr>\n<tr valign=\"top\">\n<td style=\"width: 428px;\"><strong>Eisen\/ Schrott <\/strong>(Fahrr\u00e4der ohne Reifen, Badewannen, Guss- und Heizk\u00f6rper, Metallt\u00f6pfe)<\/td>\n<td style=\"width: 427.067px;\" colspan=\"2\"><strong>Leuchtstoffr\u00f6hren\/ Energiesparlampen, LED-Sparlampen <\/strong>(nur unbesch\u00e4digte)<\/td>\n<\/tr>\n<tr valign=\"top\">\n<td style=\"width: 428px;\"><strong>Haushaltskleinger\u00e4te <\/strong>(Staubsauger, F\u00f6ne, Mixer, Unterhaltungsger\u00e4te, elektr. Kleinschrott \u2026)<\/td>\n<td style=\"width: 427.067px;\" colspan=\"2\"><strong>Mineralische Abf\u00e4lle <\/strong>(Kleinmengen von max. 50 Liter, <u>keine Baustellen- und Asbestabf\u00e4lle<\/u>)<\/td>\n<\/tr>\n<tr valign=\"top\">\n<td style=\"width: 428px;\"><strong>Haushaltsgro\u00dfger\u00e4te nur gegen eine<br \/>\nTransportpauschale von 3,00 \u20ac<br \/>\n<\/strong>(Waschmaschine, Elektroherde, Geschirrsp\u00fcler \u2026)<\/td>\n<td style=\"width: 427.067px;\" colspan=\"2\"><strong>Papier und Kartonagen<\/strong><\/td>\n<\/tr>\n<tr valign=\"top\">\n<td style=\"width: 428px;\"><strong>Glas <\/strong>(ohne Deckel, kein Flachglas)<\/td>\n<td style=\"width: 427.067px;\" colspan=\"2\">\u00a0<strong>Schuhe <\/strong>(saubere, nur paarweise, <u>keine Ski-, Roll- und Schlittschuhe)<\/u><\/td>\n<\/tr>\n<tr valign=\"top\">\n<td style=\"width: 428px;\"><strong>Kabelreste<\/strong><\/td>\n<td style=\"width: 427.067px;\" colspan=\"2\">\u00a0<strong>Trockenbatterien <\/strong>(Akkus entnehmen und dem Personal \u00fcbergeben!)<\/td>\n<\/tr>\n<tr>\n<td style=\"width: 428px;\" valign=\"top\"><strong>KFZ-Batterien <\/strong>(nur von PKW, Motorr\u00e4dern)<\/td>\n<td style=\"width: 427.067px;\" colspan=\"2\" valign=\"top\"><strong>Verkaufsverpackungen <\/strong>(aus Kunststoff, Metall und Verbunden)<\/td>\n<\/tr>\n<tr valign=\"top\">\n<td style=\"width: 428px;\"><strong>Knopfzellen<\/strong><\/td>\n<td style=\"width: 427.067px;\" colspan=\"2\"><strong>Wachs <\/strong>(keine bemalten Wachsmodelle)<\/td>\n<\/tr>\n<\/tbody>\n<\/table>\n<table style=\"width: 900px; background-color: #d6d2d2;\">\n<tbody>\n<tr>\n<td style=\"width: 856px;\" colspan=\"2\"><strong>Nicht angenommen werden<\/strong> <strong>Autoreifen, Holz, K\u00fchlger\u00e4te, W\u00e4rmepumpenkondenstrockner, Fernsehger\u00e4te und EDV-Monitore. <\/strong>Diese Gegenst\u00e4nde k\u00f6nnen Sie wie folgt, teilweise gegen Geb\u00fchr, entsorgen:<\/td>\n<\/tr>\n<tr>\n<td style=\"width: 432.617px;\">Recyclinghof Ga-Pa\/ Spichtinger, Loisachauen 9<\/td>\n<td style=\"width: 423.383px;\">Montag bis Freitag: 14.00 bis 17.00 Uhr<br \/>\nSamstag: 08.00 bis 12.00 Uhr<\/td>\n<\/tr>\n<tr>\n<td style=\"width: 432.617px;\">M\u00fcllumladestation Oberammergau, Feldiglgasse 28, beim Kl\u00e4rwerk<\/td>\n<td style=\"width: 423.383px;\">Montag, Mittwoch, Freitag: 15.00 bis 18.00 Uhr<br \/>\nSamstag: 10.00 bis 13.00 Uhr<\/td>\n<\/tr>\n<tr>\n<td style=\"width: 432.617px;\">Deponie Schwaiganger<\/td>\n<td style=\"width: 423.383px;\">Montag bis Freitag: 09.00 bis 16.45 Uhr<\/td>\n<\/tr>\n<\/tbody>\n<\/table>\n<p>F\u00fcr <strong>Gr\u00fcnabf\u00e4lle <\/strong>(kein Grasschnitt) stehen in den Monaten April bis November Container im Wertstoffhof zur Verf\u00fcgung. In den Monaten Mai bis Oktober kann zus\u00e4tzlich zu den Gr\u00fcnabf\u00e4llen Grasschnitt im Wertstoffhof entsorgt werden. Au\u00dferdem wird im Fr\u00fchjahr und im Herbst eine H\u00e4ckselaktion (nur Baum- und Strauchschnitt) durchgef\u00fchrt, der Termin hierf\u00fcr wird rechtzeitig bekanntgegeben.<\/p>\n<p style=\"color: #000000;\">F\u00fcr <strong>sperrige Gegenst\u00e4nde (max. 3m\u00b3)<\/strong> wie z.B. M\u00f6bel, Ski, Teppiche usw. besteht die M\u00f6glichkeit, 2 x im Jahr bei der Gemeinde eine Sperrm\u00fcllabfuhr zu beantragen (Geb\u00fchr 35,&#8211; Euro)<\/p>\n<p style=\"color: #000000;\">\u00a0F\u00fcr <strong>Altglas<\/strong> stehen an folgenden Standorten Container zur Verf\u00fcgung:<\/p>\n<table border=\"1\" cellspacing=\"0\" cellpadding=\"5\">\n<tbody>\n<tr valign=\"top\">\n<td bgcolor=\"#cccccc\" width=\"148\">Standort<\/td>\n<td bgcolor=\"#cccccc\" width=\"148\"><\/td>\n<\/tr>\n<tr valign=\"top\">\n<td width=\"148\">Bauhof Oberau, Am Gie\u00dfenbach 3<\/td>\n<td width=\"148\">H\u00f6felestra\u00dfe<b><\/b><\/td>\n<\/tr>\n<tr valign=\"top\">\n<td bgcolor=\"#e5e5e5\" width=\"148\">Ecke Erlenweg\/ Fl\u00f6\u00dferstra\u00dfe<\/td>\n<td bgcolor=\"#e5e5e5\" width=\"148\">Unterfeldstra\u00dfe<\/td>\n<\/tr>\n<\/tbody>\n<\/table>\n<p style=\"color: #000000;\">F\u00fcr weitere Fragen wenden Sie sich bitte an Frau Steffl, Zimmer Nr. 5, Tel.Nr. 08824\/9200-14.<\/p>\n","protected":false},"excerpt":{"rendered":"<p>GEMEINDE OBERAU &#8211; AbfallwirtschaftDie\u00a0B\u00fcrger von Oberau\u00a0k\u00f6nnen folgende Wertstoffe, sortiert und\u00a0nur\u00a0sauber, im Wertstoffhof, Am Gie\u00dfenbach 3 abgeben. \u00d6ffnungszeiten: Samstag von 8.00 Uhr bis 11.30 Uhr. Mittwoch von 15.00 Uhr bis 17.00 Uhr. Ansprechpartnerin: Frau Steffl Tel.: 08824 9200 14 Am Gie\u00dfenbach 3 82496 Oberau Buntmetall (Kupfer, Messing, Zink, Aluminium) Kork (Naturkork) Compactdiscs und DVDs (ohne Verpackung [&hellip;]<\/p>\n","protected":false},"author":1,"featured_media":0,"parent":49,"menu_order":0,"comment_status":"closed","ping_status":"closed","template":"","meta":{"jetpack_post_was_ever_published":false,"footnotes":""},"jetpack_shortlink":"https:\/\/wp.me\/P58YFn-S","jetpack_sharing_enabled":true,"_links":{"self":[{"href":"https:\/\/www.gemeinde-oberau.de\/index.php?rest_route=\/wp\/v2\/pages\/54"}],"collection":[{"href":"https:\/\/www.gemeinde-oberau.de\/index.php?rest_route=\/wp\/v2\/pages"}],"about":[{"href":"https:\/\/www.gemeinde-oberau.de\/index.php?rest_route=\/wp\/v2\/types\/page"}],"author":[{"embeddable":true,"href":"https:\/\/www.gemeinde-oberau.de\/index.php?rest_route=\/wp\/v2\/users\/1"}],"replies":[{"embeddable":true,"href":"https:\/\/www.gemeinde-oberau.de\/index.php?rest_route=%2Fwp%2Fv2%2Fcomments&post=54"}],"version-history":[{"count":23,"href":"https:\/\/www.gemeinde-oberau.de\/index.php?rest_route=\/wp\/v2\/pages\/54\/revisions"}],"predecessor-version":[{"id":3179,"href":"https:\/\/www.gemeinde-oberau.de\/index.php?rest_route=\/wp\/v2\/pages\/54\/revisions\/3179"}],"up":[{"embeddable":true,"href":"https:\/\/www.gemeinde-oberau.de\/index.php?rest_route=\/wp\/v2\/pages\/49"}],"wp:attachment":[{"href":"https:\/\/www.gemeinde-oberau.de\/index.php?rest_route=%2Fwp%2Fv2%2Fmedia&parent=54"}],"curies":[{"name":"wp","href":"https:\/\/api.w.org\/{rel}","templated":true}]}}