{"id":697,"date":"2016-02-17T11:34:21","date_gmt":"2016-02-17T09:34:21","guid":{"rendered":"http:\/\/www.gemeinde-oberau.de\/?page_id=697"},"modified":"2025-09-25T06:25:54","modified_gmt":"2025-09-25T04:25:54","slug":"nachbarschaftshilfe","status":"publish","type":"page","link":"https:\/\/www.gemeinde-oberau.de\/?page_id=697","title":{"rendered":"Nachbarschaftshilfe"},"content":{"rendered":"<h1><strong>Nachbarschaftshilfe <\/strong><strong>Oberau<\/strong><\/h1>\n<p style=\"text-align: center;\"><a href=\"https:\/\/www.gemeinde-oberau.de\/wp-content\/uploads\/Nachbarschaftshilfe_Wappen.jpg\"><img loading=\"lazy\" decoding=\"async\" class=\"alignnone  wp-image-3711\" src=\"https:\/\/www.gemeinde-oberau.de\/wp-content\/uploads\/Nachbarschaftshilfe_Wappen-297x300.jpg\" alt=\"\" width=\"283\" height=\"286\" srcset=\"https:\/\/www.gemeinde-oberau.de\/wp-content\/uploads\/Nachbarschaftshilfe_Wappen-297x300.jpg 297w, https:\/\/www.gemeinde-oberau.de\/wp-content\/uploads\/Nachbarschaftshilfe_Wappen-768x777.jpg 768w, https:\/\/www.gemeinde-oberau.de\/wp-content\/uploads\/Nachbarschaftshilfe_Wappen.jpg 812w\" sizes=\"(max-width: 283px) 100vw, 283px\" \/><\/a><\/p>\n<p style=\"text-align: left;\">Machen Sie mit!<\/p>\n<p>Wir wollen das Leben in unserer Gemeinde noch lebenswerter gestalten und ein soziales Netz kn\u00fcpfen, um hilfsbed\u00fcrftige Seniorinnen und Senioren aufzufangen.<\/p>\n<p>F\u00fcr die Helfenden besteht bei Ihren Eins\u00e4tzen eine Haftpflichtversicherung \u00fcber die Gemeinde Oberau.<br \/>\n<strong> Melden Sie sich bei uns! Unsere Telefonnummer: 01575-1330777<\/strong><br \/>\nWir freuen uns auf Ihre Mitarbeit. Es macht Freude, sich f\u00fcr seine Mitmenschen einzusetzen.<\/p>\n<p>Sie brauchen Unterst\u00fctzung in Ihrem Alltag?<br \/>\n\u2022 Haben Sie schon einmal nicht gewusst, wie Sie eine Situation alleine bew\u00e4ltigen k\u00f6nnen (z. B. Einkaufen)?<br \/>\n\u2022 W\u00e4ren Sie dankbar f\u00fcr eine gelegentliche Begleitung auf Spazierg\u00e4ngen, das Vorlesen von Texten usw.?<br \/>\n\u2022 M\u00f6chten Sie gerne einmal mit jemandem, der verschwiegen ist, bei einem Besuch ein Gespr\u00e4ch f\u00fchren?<br \/>\n\u2022 Brauchen Sie in der Wohnung oder im Haus eine kleine Handreichung?<br \/>\n\u2022 Oder k\u00f6nnten Sie in irgendeiner anderen Angelegenheit den Beistand eines Mitmenschen gebrauchen?<br \/>\nBitte scheuen Sie sich nicht, im Bedarfsfall Hilfe anzunehmen.<br \/>\nMelden Sie sich bei uns \u2013 wir helfen schnell. Rufen Sie \u00fcber den untenstehenden Link den Flyer zur Nachbarschaftshilfe auf, tragen Sie Ihre pers\u00f6nlichen Daten nach dem Ausdrucken ein und senden Sie ihn an die Gemeindeverwaltung.<\/p>\n<p>Wenn wir selbst nicht helfen k\u00f6nnen, vermitteln wir weiter an Organisationen.\u00a0Und selbstverst\u00e4ndlich: Alle Helfer sind zur vertraulichen Behandlung von Informationen im Rahmen der Aus\u00fcbung ihrer T\u00e4tigkeit verpflichtet.<\/p>\n<p>Die Nachbarschaftshilfe<\/p>\n<ul>\n<li>wird ausschlie\u00dflich und kostenlos von ehrenamtlichen Personen unserer Gemeinde geleistet,<\/li>\n<li>hilft schnell und unb\u00fcrokratisch,<\/li>\n<li>ersetzt keine bereits bestehenden hauptamtlichen oder ehrenamtlichen Dienste,<\/li>\n<li>tritt nur dann ein, wenn echte Hilfebed\u00fcrftigkeit besteht und Unterst\u00fctzung zum Beispiel durch Familienangeh\u00f6rige nicht erbracht werden kann.<\/li>\n<\/ul>\n<p><a href=\"https:\/\/www.gemeinde-oberau.de\/wp-content\/uploads\/Flyer_Nachbarschaftshilfe.pdf\">Flyer als PDF-Dokument<\/a><\/p>\n<p><a href=\"https:\/\/www.gemeinde-oberau.de\/wp-content\/uploads\/Nachbarschaftshilfe.pdf\" rel=\"\">Weitere Informationen zur Nachbarschaftshilfe<\/a><\/p>\n","protected":false},"excerpt":{"rendered":"<p>Nachbarschaftshilfe Oberau Machen Sie mit! Wir wollen das Leben in unserer Gemeinde noch lebenswerter gestalten und ein soziales Netz kn\u00fcpfen, um hilfsbed\u00fcrftige Seniorinnen und Senioren aufzufangen. F\u00fcr die Helfenden besteht bei Ihren Eins\u00e4tzen eine Haftpflichtversicherung \u00fcber die Gemeinde Oberau. Melden Sie sich bei uns! Unsere Telefonnummer: 01575-1330777 Wir freuen uns auf Ihre Mitarbeit. Es macht [&hellip;]<\/p>\n","protected":false},"author":3,"featured_media":0,"parent":49,"menu_order":0,"comment_status":"closed","ping_status":"closed","template":"","meta":{"jetpack_post_was_ever_published":false,"footnotes":""},"jetpack_shortlink":"https:\/\/wp.me\/P58YFn-bf","jetpack_sharing_enabled":true,"_links":{"self":[{"href":"https:\/\/www.gemeinde-oberau.de\/index.php?rest_route=\/wp\/v2\/pages\/697"}],"collection":[{"href":"https:\/\/www.gemeinde-oberau.de\/index.php?rest_route=\/wp\/v2\/pages"}],"about":[{"href":"https:\/\/www.gemeinde-oberau.de\/index.php?rest_route=\/wp\/v2\/types\/page"}],"author":[{"embeddable":true,"href":"https:\/\/www.gemeinde-oberau.de\/index.php?rest_route=\/wp\/v2\/users\/3"}],"replies":[{"embeddable":true,"href":"https:\/\/www.gemeinde-oberau.de\/index.php?rest_route=%2Fwp%2Fv2%2Fcomments&post=697"}],"version-history":[{"count":11,"href":"https:\/\/www.gemeinde-oberau.de\/index.php?rest_route=\/wp\/v2\/pages\/697\/revisions"}],"predecessor-version":[{"id":3723,"href":"https:\/\/www.gemeinde-oberau.de\/index.php?rest_route=\/wp\/v2\/pages\/697\/revisions\/3723"}],"up":[{"embeddable":true,"href":"https:\/\/www.gemeinde-oberau.de\/index.php?rest_route=\/wp\/v2\/pages\/49"}],"wp:attachment":[{"href":"https:\/\/www.gemeinde-oberau.de\/index.php?rest_route=%2Fwp%2Fv2%2Fmedia&parent=697"}],"curies":[{"name":"wp","href":"https:\/\/api.w.org\/{rel}","templated":true}]}}