{"id":8,"date":"2014-08-26T16:40:58","date_gmt":"2014-08-26T14:40:58","guid":{"rendered":"http:\/\/web16.vps10313.alfahosting-vps.de\/?page_id=8"},"modified":"2025-11-21T12:55:28","modified_gmt":"2025-11-21T10:55:28","slug":"willkommen","status":"publish","type":"page","link":"https:\/\/www.gemeinde-oberau.de\/","title":{"rendered":"Willkommen"},"content":{"rendered":"<p><a href=\"https:\/\/www.gemeinde-oberau.de\/wp-content\/uploads\/Fink-Peter.jpg\"><img loading=\"lazy\" decoding=\"async\" class=\" wp-image-3811 alignleft\" src=\"https:\/\/www.gemeinde-oberau.de\/wp-content\/uploads\/Fink-Peter-213x300.jpg\" alt=\"\" width=\"186\" height=\"262\" srcset=\"https:\/\/www.gemeinde-oberau.de\/wp-content\/uploads\/Fink-Peter-213x300.jpg 213w, https:\/\/www.gemeinde-oberau.de\/wp-content\/uploads\/Fink-Peter-727x1024.jpg 727w, https:\/\/www.gemeinde-oberau.de\/wp-content\/uploads\/Fink-Peter.jpg 753w\" sizes=\"(max-width: 186px) 100vw, 186px\" \/><\/a><\/p>\n<p>Als erster B\u00fcrgermeister der <span style=\"color: #000000;\">Gemeinde<\/span> Oberau begr\u00fc\u00dfe ich Sie herzlich auf unseren Internetseiten und lade Sie zu einem kurzen Rundgang durch unsere Gemeinde ein.<\/p>\n<p>Oberau, eine bayerische Gemeinde mit rund 3.200 Einwohnern, liegt 8 km n\u00f6rdlich von Garmisch-Partenkirchen.<\/p>\n<p>Die g\u00fcnstige Lage am Rande der Alpen und die N\u00e4he zur Landeshauptstadt M\u00fcnchen f\u00fchren immer mehr Menschen hierher, die unseren Ort als Reiseziel und als Lebensraum entdecken.<\/p>\n<p style=\"color: #000000;\">Oberau engagiert sich nachhaltig im\u00a0<a style=\"font-weight: bold; color: #1b366c;\" href=\"https:\/\/www.zugspitzland.de\/oberau\/\" target=\"_blank\" rel=\"noopener noreferrer\">touristischen Bereich<\/a>, bietet aber auch zahlreichen Unternehmen einen zukunftsorientierten Standort. Als aufstrebende Gemeinde sind wir st\u00e4ndig bem\u00fcht, die Infrastruktur zu verbessern und die Lebensbedingungen f\u00fcr unsere B\u00fcrgerinnen und B\u00fcrger qualitativ zu steigern.<\/p>\n<p>Diese Seiten sollen den an Oberau Interessierten helfen, einen Eindruck von unserem Ort zu bekommen und sich in ihm besser zurecht zu finden. Hierf\u00fcr stehen auf den n\u00e4chsten Seiten Informationen \u00fcber die Organisation und die Einrichtungen der Kommune, die wichtigsten Ansprechpartner und aktuelle Termine zur Verf\u00fcgung.<\/p>\n<div style=\"color: #000000;\">Peter Fink<br \/>1. B\u00fcrgermeister<\/div>\n<div>\u00a0<\/div>\n<div id=\"attachment_11\" style=\"width: 650px\" class=\"wp-caption aligncenter\"><a href=\"\/wp-content\/uploads\/loisachblick_sommer.jpg\"><img loading=\"lazy\" decoding=\"async\" aria-describedby=\"caption-attachment-11\" class=\"size-full wp-image-11\" src=\"\/wp-content\/uploads\/loisachblick_sommer.jpg\" alt=\"Loisachblick im Sommer\" width=\"640\" height=\"427\" srcset=\"https:\/\/www.gemeinde-oberau.de\/wp-content\/uploads\/loisachblick_sommer.jpg 640w, https:\/\/www.gemeinde-oberau.de\/wp-content\/uploads\/loisachblick_sommer-300x200.jpg 300w\" sizes=\"(max-width: 640px) 100vw, 640px\" \/><\/a><p id=\"caption-attachment-11\" class=\"wp-caption-text\">Der Loisachblick, Aussichtspunkt \u00fcber Oberau<\/p><\/div>\n\n<div class=\"wp-block-image\">\n<figure class=\"aligncenter\"><a href=\"Http:\/\/www.zugspitz-region-gmbh.de\"><img loading=\"lazy\" decoding=\"async\" width=\"508\" height=\"300\" src=\"https:\/\/www.gemeinde-oberau.de\/wp-content\/uploads\/ZugspitzRegion-5.jpg\" alt=\"\" class=\"wp-image-1962\" srcset=\"https:\/\/www.gemeinde-oberau.de\/wp-content\/uploads\/ZugspitzRegion-5.jpg 508w, https:\/\/www.gemeinde-oberau.de\/wp-content\/uploads\/ZugspitzRegion-5-300x177.jpg 300w\" sizes=\"(max-width: 508px) 100vw, 508px\" \/><\/a><\/figure><\/div>\n\n\n<p><strong>Oberau im ZugspitzLand: Lebendiges Brauchtum und\nbeeindruckende Naturschaupl\u00e4tze in bester Lage. <\/strong><\/p>\n\n\n\n<p><strong>Erholung, Ruhe und Kulturerlebnis sind hier ideal\nkombiniert. Konzerte im Kur- und Kulturpark oder ausgedehnte Wanderungen mit\nBlick auf die magische Alpenkulisse \u2013 in Oberau finden G\u00e4ste und Einheimische,\nwas der Seele gut tut.&nbsp; <\/strong><\/p>\n\n\n\n<p>Schon K\u00fcnstler Wassily Kandinsky lie\u00df sich von der sch\u00f6nen Landschaft, die den Ort zwischen Oberammergau und Garmisch-Partenkirchen umrahmt, f\u00fcr seine Werke inspirieren. Denn auch er wusste: In den Bergen und T\u00e4lern der <a href=\"https:\/\/zugspitz-region-gmbh.de\/de\/\" target=\"_blank\" rel=\"noreferrer noopener\" aria-label=\" (opens in a new tab)\">Zugspitz Region<\/a> ist man der Freude besonders nah. Oberau punktet dar\u00fcber hinaus mit seiner Lage: nah am Erlebnis und noch n\u00e4her am stillen Gl\u00fcck der Zufriedenheit. <\/p>\n\n\n\n<p><strong>Einige Oberauer Sehensw\u00fcrdigkeiten im \u00dcberblick <\/strong><\/p>\n\n\n\n<ul>\n<li>Zwischen Oberau und Farchant liegen historische Schanzanlagen, die vor mehr als 300 Jahren zur Verteidigung der Region dienten <\/li>\n\n\n\n<li>Alpenschwimmbad mit filmreifer Bergkulisse <\/li>\n\n\n\n<li>Kleines aber feines Skigebiet <\/li>\n\n\n\n<li><a href=\"https:\/\/www.zugspitzland.de\/oberau\/aktiv\" target=\"_blank\" rel=\"noreferrer noopener\">Zahlreiche Rad- und Wanderwege <\/a><\/li>\n\n\n\n<li>Krippenmuseum im Schmiedbauernhaus mit eindrucksvollen Krippen aus allen Herren L\u00e4ndern, die einen Eindruck vermitteln, wie man sich die Geburt Christi in verschiedenen Kulturkreisen vorgestellt hat<\/li>\n<\/ul>\n\n\n\n<p>Tradition und Brauchtum sind in\nOberau tief verwurzelt. Ein Blick ins Kulturprogramm der Gemeinde verr\u00e4t:\nlangweilig wird es hier nicht. Bei Blasmusik, im Bauerntheater oder den\nWaldfesten genie\u00dfen G\u00e4ste und Einheimische das bayerische Lebensgef\u00fchl.<\/p>\n\n\n\n<p><strong>Sportlich unterwegs im Alpenpanorama <\/strong><\/p>\n\n\n\n<p>Die Landschaft l\u00e4sst sich am besten auf den zahlreichen Wanderwegen erkunden: Der <a href=\"https:\/\/www.spitzenwanderweg.de\/\">Spitzenwanderweg<\/a> zwischen Oberau und Eschenlohe f\u00fchrt zu den Sieben Quellen \u2013 glasklares Bergwasser, das schon beim Anblick den Geist erfrischt. Auf dem historischen Lehrpfad \u00c4lteste Kienbergstra\u00dfe erf\u00e4hrt der Wanderer viel \u00fcber die Geschichte der Gegend. Auf 45 Kilometern f\u00fchrt ein Radweg unter anderem am Murnauer Moos und ebenfalls an den Sieben Quellen vorbei.&nbsp; <\/p>\n\n\n\n<p><strong>Der Winter l\u00e4sst sich in Oberau aktiv genie\u00dfen <\/strong><\/p>\n\n\n\n<p>Am Rabenkopf-Lift ist ein kleines,\naber feines Winterparadies. Hier gibt es eine einfach befahrbare Piste f\u00fcr\nSkifahrer und Snowboarder, eine Rodelbahn und sogar einen Natureislaufplatz. <\/p>\n\n\n\n<p><\/p>\n","protected":false},"excerpt":{"rendered":"<p>Als erster B\u00fcrgermeister der Gemeinde Oberau begr\u00fc\u00dfe ich Sie herzlich auf unseren Internetseiten und lade Sie zu einem kurzen Rundgang durch unsere Gemeinde ein. Oberau, eine bayerische Gemeinde mit rund 3.200 Einwohnern, liegt 8 km n\u00f6rdlich von Garmisch-Partenkirchen. Die g\u00fcnstige Lage am Rande der Alpen und die N\u00e4he zur Landeshauptstadt M\u00fcnchen f\u00fchren immer mehr Menschen [&hellip;]<\/p>\n","protected":false},"author":1,"featured_media":0,"parent":0,"menu_order":1,"comment_status":"closed","ping_status":"closed","template":"page-cs.php","meta":{"jetpack_post_was_ever_published":false,"footnotes":""},"jetpack_shortlink":"https:\/\/wp.me\/P58YFn-8","jetpack_sharing_enabled":true,"_links":{"self":[{"href":"https:\/\/www.gemeinde-oberau.de\/index.php?rest_route=\/wp\/v2\/pages\/8"}],"collection":[{"href":"https:\/\/www.gemeinde-oberau.de\/index.php?rest_route=\/wp\/v2\/pages"}],"about":[{"href":"https:\/\/www.gemeinde-oberau.de\/index.php?rest_route=\/wp\/v2\/types\/page"}],"author":[{"embeddable":true,"href":"https:\/\/www.gemeinde-oberau.de\/index.php?rest_route=\/wp\/v2\/users\/1"}],"replies":[{"embeddable":true,"href":"https:\/\/www.gemeinde-oberau.de\/index.php?rest_route=%2Fwp%2Fv2%2Fcomments&post=8"}],"version-history":[{"count":73,"href":"https:\/\/www.gemeinde-oberau.de\/index.php?rest_route=\/wp\/v2\/pages\/8\/revisions"}],"predecessor-version":[{"id":3829,"href":"https:\/\/www.gemeinde-oberau.de\/index.php?rest_route=\/wp\/v2\/pages\/8\/revisions\/3829"}],"wp:attachment":[{"href":"https:\/\/www.gemeinde-oberau.de\/index.php?rest_route=%2Fwp%2Fv2%2Fmedia&parent=8"}],"curies":[{"name":"wp","href":"https:\/\/api.w.org\/{rel}","templated":true}]}}